e millions digit of 6323432845?
3
What is the units digit of 78348554?
4
What is the ten thousands digit of 1273649049?
4
What is the tens digit of 191271653?
5
What is the hundred millions digit of 1034818350?
0
What is the millions digit of 66327164?
6
What is the ten millions digit of 63904278?
6
What is the hundred thousands digit of 182350790?
3
What is the tens digit of 86546149?
4
What is the thousands digit of 1561510634?
0
What is the thousands digit of 79719141?
9
What is the millions digit of 134371279?
4
What is the hundred millions digit of 795968396?
7
What is the millions digit of 80320234?
0
What is the hundreds digit of 84023225?
2
What is the ten millions digit of 872912926?
7
What is the hundreds digit of 2017210212?
2
What is the units digit of 21128792?
2
What is the ten thousands digit of 52552118?
5
What is the hundred thousands digit of 3116166448?
1
What is the ten thousands digit of 205892839?
9
What is the hundreds digit of 5338884387?
3
What is the millions digit of 24556790?
4
What is the millions digit of 91008961?
1
What is the hundred millions digit of 1997900603?
9
What is the units digit of 626070074?
4
What is the millions digit of 2038651335?
8
What is the hundred millions digit of 3058761922?
0
What is the hundreds digit of 25520148?
1
What is the tens digit of 36513174?
7
What is the ten thousands digit of 23569570?
6
What is the thousands digit of 189510368?
0
What is the thousands digit of 514785831?
5
What is the ten thousands digit of 63141493?
4
What is the hundred thousands digit of 672273509?
2
What is the ten thousands digit of 397558882?
5
What is the hundreds digit of 18372743?
7
What is the ten millions digit of 57491327?
5
What is the thousands digit of 1260222213?
2
What is the thousands digit of 2513495862?
5
What is the units digit of 1444409182?
2
What is the billions digit of 1576010700?
1
What is the ten thousands digit of 5343272481?
7
What is the hundreds digit of 2462825856?
8
What is the millions digit of 15233318?
5
What is the hundreds digit of 503127655?
6
What is the hundred thousands digit of 38285057?
2
What is the millions digit of 28610789?
8
What is the billions digit of 1861156142?
1
What is the tens digit of 57160006?
0
What is the ten millions digit of 1062277181?
6
What is the millions digit of 2199245689?
9
What is the ten millions digit of 27022798?
2
What is the millions digit of 166217876?
6
What is the units digit of 56741989?
9
What is the thousands digit of 524229316?
9
What is the millions digit of 67651569?
7
What is the hundred thousands digit of 7620451743?
4
What is the hundred millions digit of 222065375?
2
What is the hundreds digit of 5017296171?
1
What is the hundred thousands digit of 15402749?
4
What is the ten thousands digit of 2302045559?
4
What is the tens digit of 89061279?
7
What is the thousands digit of 1086368184?
8
What is the tens digit of 78586541?
4
What is the units digit of 36002511?
1
What is the hundred thousands digit of 15972540?
9
What is the millions digit of 69441359?
9
What is the hundreds digit of 1493790092?
0
What is the millions digit of 52337908?
2
What is the ten millions digit of 40753587?
4
What is the ten millions digit of 2307810846?
0
What is the hundred thousands digit of 170211202?
2
What is the ten thousands digit of 121443198?
4
What is the units digit of 1627392694?
4
What is the units digit of 26902826?
6
What is the thousands digit of 443545320?
5
What is the thousands digit of 882603007?
3
What is the thousands digit of 416936546?
6
What is the ten thousands digit of 491871793?
7
What is the hundred millions digit of 2990107887?
9
What is the hundreds digit of 888308557?
5
What is the hundred millions digit of 284395108?
2
What is the units digit of 163336293?
3
What is the ten thousands digit of 58758117?
5
What is the hundreds digit of 468262705?
7
What is the ten thousands digit of 14221450?
2
What is the units digit of 727593538?
8
What is the hundred thousands digit of 389934959?
9
What is the thousands digit of 184081791?
1
What is the thousands digit of 91631?
1
What is the billions digit of 2271964778?
2
What is the units digit of 264033601?
1
What is the ten thousands digit of 4864797809?
9
What is the hundreds digit of 65423828?
8
What is the ten thousands digit of 251060837?
6
What is the ten millions digit of 212124182?
1
What is the hundred millions digit of 5549701710?
5
What is the tens digit of 361974066?
6
What is the ten thousands digit of 890341926?
4
What is the millions digit of 229652258?
9
What is the millions digit of 42684098?
2
What is the thousands digit of 336512901?
2
What is the units digit of 6029867874?
4
What is the thousands digit of 5880293335?
3
What is the ten millions digit of 279842340?
7
What is the tens digit of 1172515430?
3
What is the hundreds digit of 237417495?
4
What is the hundred thousands digit of 1531442391?
4
What is the ten thousands digit of 2223318427?
1
What is the ten thousands digit of 1324958124?
5
What is the ten millions digit of 328434334?
2
What is the millions digit of 52921595?
2
What is the hundred thousands digit of 107557562?
5
What is the hundred millions digit of 620466334?
6
What is the units digit of 1414457448?
8
What is the hundred millions digit of 1505468083?
5
What is the units digit of 43082445?
5
What is the millions digit of 310416544?
0
What is the units digit of 2718178299?
9
What is the thousands digit of 43989063?
9
What is the ten thousands digit of 543019206?
1
What is the ten millions digit of 332584447?
3
What is the hundred millions digit of 262427937?
2
What is the billions digit of 2133972844?
2
What is the hundred thousands digit of 8808296?
8
What is the units digit of 440983657?
7
What is the hundred thousands digit of 698444341?
4
What is the units digit of 428040880?
0
What is the hundred thousands digit of 362797201?
7
What is the ten millions digit of 2080705183?
8
What is the ten thousands digit of 179466299?
6
What is the hundred thousands digit of 283086223?
0
What is the tens digit of 55068788?
8
What is the tens digit of 480474875?
7
What is the ten thousands digit of 30074796?
7
What is the hundred thousands digit of 4153547?
1
What is the units digit of 15885685?
5
What is the millions digit of 49854566?
9
What is the thousands digit of 108081454?
1
What is the ten millions digit of 38346265?
3
What is the units digit of 36348510?
0
What is the millions digit of 238000288?
8
What is the hundreds digit of 116103030?
0
What is the ten thousands digit of 96553790?
5
What is the hundreds digit of 71171265?
2
What is the ten millions digit of 59040348?
5
What is the millions digit of 290317475?
0
What is the hundreds digit of 531708507?
5
What is the thousands digit of 670189736?
9
What is the hundred thousands digit of 2392619?
3
What is the units digit of 3387337691?
1
What is the ten millions digit of 77077855?
7
What is the tens digit of 70787434?
3
What is the units digit of 138504121?
1
What is the ten millions digit of 5612879522?
1
What is the billions digit of 2905452547?
2
What is the tens digit of 1647568829?
2
What is the hundreds digit of 118667243?
2
What is the thousands digit of 4189989759?
9
What is the billions digit of 3111669672?
3
What is the hundreds digit of 44390575?
5
What is the ten millions digit of 1510604848?
1
What is the thousands digit of 1765803?
5
What is the tens digit of 63326887?
8
What is the tens digit of 2823336704?
0
What is the billions digit of 1185546193?
1
What is the millions digit of 624219166?
4
What is the millions digit of 4327310813?
7
What is the hundreds digit of 75295348?
3
What is the hundred thousands digit of 191980596?
9
What is the hundreds digit of 493069740?
7
What is the hundred thousands digit of 212897223?
8
What is the hundred millions digit of 4049423470?
0
What is the units digit of 90356295?
5
What is the ten thousands digit of 77645545?
4
What is the hundreds digit of 72712734?
7
What is the units digit of 45892044?
4
What is the thousands digit of 5888314862?
4
What is the thousands digit of 47869469?
9
What is the millions digit of 7643991?
7
What is the millions digit of 4295329119?
5
What is the ten millions digit of 4326619403?
2
What is